100200212 (base 3) to base 4
-203113103
-372115 (base 9) to base 3
-102102010112
What is 340891 (base 14) in base 11?
aa8a49
Convert -1337157 (base 8) to base 6.
-12022423
-2311314 (base 5) to base 15
-c43e
Convert 23b671 (base 12) to base 10.
579829
What is 11133122001 (base 4) in base 11?
8a3460
Convert -31231003031 (base 4) to base 14.
-69727b
Convert 11112220012121 (base 3) to base 11.
1402457
What is 8ba8bc (base 14) in base 4?
102020232212
177014 (base 8) to base 6
1221032
16832a (base 14) to base 3
1111011220112
Convert 3214410 (base 6) to base 12.
77406
What is 78ab6 (base 12) in base 15?
32889
-10030121 (base 4) to base 5
-1022202
Convert -765361 (base 10) to base 2.
-10111010110110110001
What is -25512553 (base 6) in base 15?
-117183
What is -122031112 (base 5) in base 4?
-2031220331
What is 12385 (base 14) in base 12?
21995
122618 (base 9) to base 6
1331112
Convert -1001101100101111010010 (base 2) to base 12.
-a2746a
-6362775 (base 9) to base 13
-923b34
-6522526 (base 7) to base 2
-11000010010000100010
-10101111022 (base 4) to base 8
-4212512
What is -274535 (base 8) in base 11?
-66643
7738322 (base 9) to base 3
21211022100202
111e80 (base 15) to base 16
c7605
What is -691cc (base 13) in base 15?
-3bb01
What is -1325349 (base 12) in base 11?
-2154315
211055024 (base 6) to base 14
6c1dc4
Convert -7b273 (base 12) to base 15.
-33b40
-512128 (base 9) to base 12
-12768b
Convert 31123310003 (base 4) to base 5.
1400144140
Convert 1251670 (base 8) to base 16.
553b8
What is -210021222212 (base 3) in base 7?
-3364034
What is 9d7e95 (base 16) in base 5?
10120242212
What is 1041110 (base 6) in base 12?
26196
6a2a68 (base 14) to base 10
3618644
Convert -2202100101211 (base 3) to base 2.
-101100101010001100011
What is -466413 (base 10) in base 12?
-1a5ab9
What is 10001001010110100111 (base 2) in base 16?
895a7
Convert -440d2a (base 14) to base 13.
-62a417
What is -226291 (base 10) in base 15?
-470b1
Convert 365513 (base 12) to base 4.
3112322133
Convert -7e490 (base 16) to base 12.
-20b414
-2150105 (base 6) to base 10
-107609
What is -55d17 (base 14) in base 4?
-302313301
Convert -32223321113 (base 4) to base 14.
-722dcb
-151106 (base 8) to base 3
-2201211201
-1555324 (base 6) to base 2
-10110110000100100
What is -4294 (base 16) in base 3?
-212101021
335990 (base 11) to base 14
dcd27
What is 2a3bc3a (base 13) in base 14?
1b0bda3
-3757822 (base 11) to base 2
-11000111001001001110010
-101110100101001010110 (base 2) to base 5
-342320413
Convert 1221020220 (base 3) to base 14.
dc50
-e9930d (base 16) to base 15
-1525873
What is 1031214 (base 8) in base 13?
98294
What is -1179a37 (base 12) in base 9?
-6346727
What is -42242 (base 9) in base 11?
-19a66
Convert 541420 (base 6) to base 7.
243360
What is -222130002 (base 4) in base 11?
-109664
Convert 32663244 (base 8) to base 12.
2435344
Convert -1585464 (base 9) to base 10.
-883201
Convert 12313013 (base 4) to base 16.
6dc7
223211110 (base 4) to base 12
87384
5a7607 (base 14) to base 2
1011110011010010100111
-101010101101111 (base 2) to base 7
-120523
What is -16d98 (base 15) in base 14?
-1cd39
What is -47222 (base 14) in base 12?
-84352
What is -10806 (base 11) in base 13?
-7152
What is -11c091d (base 14) in base 3?
-121001101011020
What is 3139c (base 14) in base 2?
11100111110111110
Convert 267252 (base 9) to base 2.
100111101111011000
34495 (base 10) to base 16
86bf
-273941 (base 10) to base 3
-111220202222
What is -548891 (base 12) in base 4?
-11013223231
-2aaaa6 (base 14) to base 9
-2720007
Convert 114103001 (base 5) to base 14.
dcc47
What is -1011111000110101100100 (base 2) in base 8?
-13706544
What is 3227a54 (base 11) in base 7?
66152003
Convert -1763326 (base 12) to base 15.
-65e580
What is -4525320 (base 6) in base 5?
-24314141
What is 6541143 (base 7) in base 8?
3032324
-1410514 (base 6) to base 7
-450016
What is -146646 (base 7) in base 14?
-a6cd
What is dc80b (base 14) in base 6?
15235455
-3041222142 (base 5) to base 16
-5e8861
What is 11230022021 (base 4) in base 14?
2ab825
Convert -10120 (base 5) to base 6.
-3020
Convert -11010010101011001110 (base 2) to base 11.
-53a369
116262 (base 7) to base 16
53a0
Convert 327030a (base 11) to base 16.
57947d
What is 5253 (base 6) in base 15?
540
Convert -101110011110110101000 (base 2) to base 5.
-342214422
What is 6177358 (base 9) in base 14?
61c3a5
Convert 13a1504 (base 12) to base 2.
1111000010011110010100
Convert -a15b (base 12) to base 16.
-4457
11011021101 (base 3) to base 9
134241
-5340645 (base 8) to base 2
-101011100000110100101
Convert -c6a4 (base 15) to base 9.
-63551
Convert -20213454 (base 6) to base 7.
-4623544
What is -23242022 (base 5) in base 11?
-135422
What is -122202010321 (base 4) in base 10?
-6955321
Convert -6436 (base 16) to base 10.
-25654
What is 502322510 (base 6) in base 11?
4898713
1000000101100000001 (base 2) to base 6
5402401
Convert -15222400 (base 7) to base 10.
-1451086
Convert 12335465 (base 7) to base 8.
4210327
What is -254330032 (base 6) in base 16?
-4be0e4
Convert -22882 (base 12) to base 4.
-23101202
Convert -280b28 (base 15) to base 7.
-22241633
18b404 (base 13) to base 7
5211034
11001010100101110111000 (base 2) to base 6
354141520
-164057 (base 9) to base 14
-28d39
211011010 (base 3) to base 8
37425
-433525 (base 6) to base 7
-206324
What is -a3bb15 (base 13) in base 12?
-1345415
-402114021 (base 6) to base 9
-13746574
Convert 6a978 (base 15) to base 12.
144672
What is 5073215 (base 8) in base 14?
26ca29
-3499be (base 15) to base 7
-30235061
82679 (base 12) to base 9
278543
What is 2c0464c (base 13) in base 16?
d77058
276818 (base 9) to base 8
512150
137c5 (base 15) to base 11
42a68
What is 4331031 (base 5) in base 11?
50574
2120030323 (base 4) to base 5
124422134
What is 235456612 (base 7) in base 11?
830a928
-327031 (base 8) to base 6
-2205425
Convert -4642ae (base 16) to base 2.
-10001100100001010101110
-1010100010010001111111 (base 2) to base 7
-32322025
Convert -3a4535 (base 12) to base 6.
-32335305
What is -11011001001101000 (base 2) in base 6?
-2214504
What is 1122201412 (base 5) in base 14?
4a0b88
What is -390a6 (base 13) in base 12?
-51134
What is 2a7832 (base 11) in base 5?
110310312
Convert -5518467 (base 9) to base 8.
-13237354
Convert -12233354 (base 6) to base 11.
-249698
368fa8 (base 16) to base 8
15507650
Convert 11612161 (base 8) to base 3.
11211010012221
What is 3663b (base 12) in base 5?
4322422
What is -6a807 (base 12) in base 3?
-21020221221
What is 4306cd (base 15) in base 4?
30023002012
1524320 (base 6) to base 4
111300120
What is -117642 (base 9) in base 4?
-101121011
What is -78479 (base 11) in base 10?
-113705
Convert -11110000110101101100 (base 2) to base 16.
-f0d6c
Convert -201000111120021 (base 3) to base 15.
-d49b2d
165156 (base 8) to base 12
2a892
Convert 680241 (base 9) to base 6.
12420101
19bb9 (base 15) to base 5
10134044
Convert 1011110001111011000 (base 2) to base 15.
7958d
Convert 5e7690 (base 15) to base 5.
2124440420
33147b (base 12) to base 11
504437
What is 197590 (base 11) in base 16?
49ef9
What is -120222013 (base 4) in base 11?
-69978
What is 1286d (base 16) in base 8?
224155
99e58 (base 16) to base 13
190bc3
Convert 12624522 (base 10) to base 15.
11958ec
Convert -11515602 (base 7) to base 15.
-155129
Convert 1c6a7b (base 13) to base 10.
728999
Convert 2417 (base 15) to base 12.
4534
Convert 121122010211 (base 3) to base 8.
1177400
5921743 (base 10) to base 15
7be8cd
Convert -14935023 (base 10) to base 8.
-70761757
Convert -211130 (base 8) to base 7.
-411521
Convert 5035356 (base 7) to base 6.
20445303
-1000000011010001001 (base 2) to base 12
-108809
Convert 100011001111010010 (base 2) to base 15.
2cb78
28975 (base 16) to base 7
1261504
100102211 (base 3) to base 14
2716
What is 806cec (base 15) in base 8?
27206374
Convert -3440045 (base 8) to base 3.
-1202110002211
Convert -6575735 (base 8) to base 12.
-713479
What is 3100042321 (base 5) in base 13?
13ac105
What is 3530208 (base 9) in base 6?
104531525
Convert -210635 (base 12) to base 4.
-1332302021
What is 24511414 (base 7) in base 5?
1031022133
What is -333311223 (base 4) in base 5?
-31331413
What is -100000002221011 (base 3) in base 7?
-55446514
-8630207 (base 9) to base 6
-243051054
Convert 22220110202 (ba